{"id":152,"date":"2024-01-16T22:29:27","date_gmt":"2024-01-16T21:29:27","guid":{"rendered":"https:\/\/luxovolt.com\/?page_id=152"},"modified":"2024-03-13T08:11:31","modified_gmt":"2024-03-13T07:11:31","slug":"zatrazi-ponudu","status":"publish","type":"page","link":"https:\/\/luxovolt.com\/index.php\/zatrazi-ponudu\/","title":{"rendered":"ZATRA\u017eI PONUDU"},"content":{"rendered":"<p>[et_pb_section fb_built=&#8221;1&#8243; _builder_version=&#8221;4.23.4&#8243; _module_preset=&#8221;default&#8221; background_image=&#8221;https:\/\/luxovolt.com\/wp-content\/uploads\/2024\/01\/sunset3.jpg&#8221; global_colors_info=&#8221;{}&#8221;][et_pb_row column_structure=&#8221;1_2,1_2&#8243; _builder_version=&#8221;4.23.4&#8243; _module_preset=&#8221;default&#8221; global_colors_info=&#8221;{}&#8221;][et_pb_column type=&#8221;1_2&#8243; _builder_version=&#8221;4.23.4&#8243; _module_preset=&#8221;default&#8221; global_colors_info=&#8221;{}&#8221;][et_pb_text _builder_version=&#8221;4.23.4&#8243; _module_preset=&#8221;default&#8221; text_font=&#8221;Alumni Sans|700|||||||&#8221; text_font_size=&#8221;99px&#8221; custom_margin=&#8221;113px||||false|false&#8221; text_font_size_tablet=&#8221;99px&#8221; text_font_size_phone=&#8221;59px&#8221; text_font_size_last_edited=&#8221;on|desktop&#8221; global_colors_info=&#8221;{}&#8221;]<\/p>\n<p style=\"text-align: center;\">KRENI SOLARNO!<\/p>\n<p>[\/et_pb_text][\/et_pb_column][et_pb_column type=&#8221;1_2&#8243; _builder_version=&#8221;4.23.4&#8243; _module_preset=&#8221;default&#8221; global_colors_info=&#8221;{}&#8221;][et_pb_text _builder_version=&#8221;4.23.4&#8243; _module_preset=&#8221;default&#8221; text_font=&#8221;Alumni Sans||||||||&#8221; text_text_color=&#8221;#FFFFFF&#8221; text_font_size=&#8221;28px&#8221; text_letter_spacing=&#8221;2px&#8221; text_line_height=&#8221;1.1em&#8221; background_color=&#8221;rgba(0,0,0,0.47)&#8221; custom_margin=&#8221;|||0px|false|false&#8221; custom_padding=&#8221;20px||20px|21px|true|false&#8221; border_radii=&#8221;on|16px|16px|16px|16px&#8221; border_width_left=&#8221;1px&#8221; box_shadow_style=&#8221;preset1&#8243; global_colors_info=&#8221;{}&#8221;]<\/p>\n<p>Ispunite upitnik kako biste dobili ponudu za izgradnju solarnog sustava na Va\u0161em domu ili poslovnom prostoru. Va\u0161i odgovori omogu\u0107it\u00a0 \u0107e nam da provedemo temeljitu analizu financijske u\u0161tede, nude\u0107i Vam detaljne\u00a0 \u00a0 uvide i preporuke prilago\u0111ene Va\u0161im potrebama te karakteristikama Va\u0161eg posjeda<\/p>\n<p>[\/et_pb_text][\/et_pb_column][\/et_pb_row][\/et_pb_section][et_pb_section fb_built=&#8221;1&#8243; _builder_version=&#8221;4.23.4&#8243; _module_preset=&#8221;default&#8221; custom_padding=&#8221;0px|||||&#8221; global_colors_info=&#8221;{}&#8221;][et_pb_row _builder_version=&#8221;4.23.4&#8243; _module_preset=&#8221;default&#8221; background_color=&#8221;rgba(250,175,64,0.59)&#8221; custom_margin=&#8221;52px|auto||auto||&#8221; custom_padding=&#8221;26px|||||&#8221; border_radii=&#8221;on|20px|20px|20px|20px&#8221; border_width_all=&#8221;1px&#8221; box_shadow_style=&#8221;preset1&#8243; global_colors_info=&#8221;{}&#8221;][et_pb_column type=&#8221;4_4&#8243; _builder_version=&#8221;4.23.4&#8243; _module_preset=&#8221;default&#8221; global_colors_info=&#8221;{}&#8221;][et_pb_kkcomplex_form notify_subj=&#8221;info@luxovolt.com&#8221; email=&#8221;info@luxivolt.com&#8221; notification_msg=&#8221;<\/p>\n<p style=%22text-align: center;%22>Va\u0161 upitnik je uspje\u0161no poslan. Javit \u0107emo vam se u \u0161to kra\u0107em roku.<\/p>\n<p>&#8221; captcha=&#8221;off&#8221; subbutton_text=&#8221;Po\u0161alji&#8221; success_msg=&#8221;<\/p>\n<p>Va\u0161 upitnik je uspje\u0161no poslan. Javit \u0107emo vam se u \u0161to kra\u0107em roku<\/p>\n<p>&#8221; date_format=&#8221;dd\/mm\/yy&#8221; labels_left=&#8221;on&#8221; form_background_color=&#8221;rgba(107,107,107,0)&#8221; _builder_version=&#8221;4.24.0&#8243; _module_preset=&#8221;default&#8221; title_font=&#8221;Alumni Sans||||||||&#8221; title_letter_spacing=&#8221;1px&#8221; form_labels_font=&#8221;Alumni Sans||||||||&#8221; form_labels_font_size=&#8221;28px&#8221; form_labels_letter_spacing=&#8221;1px&#8221; form_labels_line_height=&#8221;1.1em&#8221; background_color=&#8221;RGBA(255,255,255,0)&#8221; custom_button=&#8221;on&#8221; button_text_size=&#8221;22px&#8221; button_text_color=&#8221;#000000&#8243; button_bg_color=&#8221;#faaf40&#8243; button_border_color=&#8221;#000000&#8243; button_letter_spacing=&#8221;2px&#8221; button_font=&#8221;Alumni Sans|700||on|||||&#8221; button_icon=&#8221;&#x24;||divi||400&#8243; button_icon_color=&#8221;#000000&#8243; max_width=&#8221;90%&#8221; module_alignment=&#8221;center&#8221; custom_css_free_form=&#8221;.et_pb_kkcustom_form_container.et_pb_kkcomplex_form_0 .checkmark {||background-color: rgba(255,255,255,0.4) !important;||}||.et_pb_kkcustom_form_container.et_pb_kkcomplex_form_0 .checkmark:hover {||background-color: rgba(255,255,255,0.8) !important;||}||.et_pb_kkcustom_form_container.et_pb_kkcomplex_form_0 label.cust-rad span.chkgrp_lbl { margin-left: 25px; }||&#8221; border_width_all_fields=&#8221;1px&#8221; box_shadow_style_button=&#8221;preset1&#8243; global_colors_info=&#8221;{}&#8221;][et_pb_kkcompform_field field_type=&#8221;text&#8221; field_title=&#8221;Ime&#8221; field_id=&#8221;Ime&#8221; tab_label=&#8221;Ime&#8221; required=&#8221;on&#8221; reqd_txt=&#8221;(*)&#8221; _builder_version=&#8221;4.24.0&#8243; _module_preset=&#8221;default&#8221; background_color=&#8221;rgba(255,255,255,0.4)&#8221; background_enable_color=&#8221;on&#8221; global_colors_info=&#8221;{}&#8221;][\/et_pb_kkcompform_field][et_pb_kkcompform_field field_type=&#8221;text&#8221; field_title=&#8221;Adresa&#8221; field_id=&#8221;Adresa&#8221; tab_label=&#8221;Adresa&#8221; _builder_version=&#8221;4.24.0&#8243; _module_preset=&#8221;default&#8221; background_color=&#8221;rgba(255,255,255,0.4)&#8221; background_enable_color=&#8221;on&#8221; global_colors_info=&#8221;{}&#8221;][\/et_pb_kkcompform_field][et_pb_kkcompform_field field_type=&#8221;email&#8221; field_title=&#8221;E-Mail&#8221; field_id=&#8221;E-Mail&#8221; tab_label=&#8221;E-Mail&#8221; required=&#8221;on&#8221; reqd_txt=&#8221;(*)&#8221; _builder_version=&#8221;4.24.0&#8243; _module_preset=&#8221;default&#8221; background_color=&#8221;rgba(255,255,255,0.4)&#8221; background_enable_color=&#8221;on&#8221; global_colors_info=&#8221;{}&#8221;][\/et_pb_kkcompform_field][et_pb_kkcompform_field field_type=&#8221;text&#8221; field_title=&#8221;Broj telefona&#8221; field_id=&#8221;Broj-telefona&#8221; tab_label=&#8221;Broj telefona&#8221; _builder_version=&#8221;4.24.0&#8243; _module_preset=&#8221;default&#8221; background_color=&#8221;rgba(255,255,255,0.4)&#8221; background_enable_color=&#8221;on&#8221; global_colors_info=&#8221;{}&#8221;][\/et_pb_kkcompform_field][et_pb_kkcompform_field field_type=&#8221;text&#8221; field_title=&#8221;Adresa predmetnog objekta&#8221; field_id=&#8221;Adresa-predmetnog-objekta&#8221; tab_label=&#8221;Adresa predmetnog objekta&#8221; _builder_version=&#8221;4.24.0&#8243; _module_preset=&#8221;default&#8221; background_color=&#8221;rgba(255,255,255,0.4)&#8221; background_enable_color=&#8221;on&#8221; global_colors_info=&#8221;{}&#8221;][\/et_pb_kkcompform_field][et_pb_kkcompform_field field_type=&#8221;text&#8221; field_title=&#8221;Broj katastarske \u010destice&#8221; field_id=&#8221;Broj-katastarske-\u010destice&#8221; tab_label=&#8221;Broj katastarske \u010destice&#8221; _builder_version=&#8221;4.24.0&#8243; _module_preset=&#8221;default&#8221; background_color=&#8221;rgba(255,255,255,0.4)&#8221; background_enable_color=&#8221;on&#8221; global_colors_info=&#8221;{}&#8221;][\/et_pb_kkcompform_field][et_pb_kkcompform_field field_type=&#8221;text&#8221; field_title=&#8221;Katastarska op\u0107ina&#8221; field_id=&#8221;Katastarska-op\u0107ina&#8221; tab_label=&#8221;Katastarska op\u0107ina&#8221; _builder_version=&#8221;4.24.0&#8243; _module_preset=&#8221;default&#8221; background_color=&#8221;rgba(255,255,255,0.4)&#8221; background_enable_color=&#8221;on&#8221; global_colors_info=&#8221;{}&#8221;][\/et_pb_kkcompform_field][et_pb_kkcompform_field field_type=&#8221;radio&#8221; radio_group=&#8221;%91{%22value%22:%22DA%22,%22checked%22:0,%22dragID%22:-1},{%22value%22:%22NE%22,%22checked%22:0,%22dragID%22:0}%93&#8243; radio_options=&#8221;%91{%22value%22:%22DA%22,%22checked%22:0,%22dragID%22:-1},{%22value%22:%22NE%22,%22checked%22:0,%22dragID%22:0}%93&#8243; field_title=&#8221;Uporabna dozvola&#8221; field_id=&#8221;Uporabna-dozvola&#8221; tab_label=&#8221;Uporabna dozvola&#8221; _builder_version=&#8221;4.24.0&#8243; _module_preset=&#8221;default&#8221; background_color=&#8221;#FFFFFF&#8221; background_enable_color=&#8221;on&#8221; global_colors_info=&#8221;{}&#8221;][\/et_pb_kkcompform_field][et_pb_kkcompform_field field_type=&#8221;radio&#8221; radio_group=&#8221;%91{%22value%22:%22DA%22,%22checked%22:0,%22dragID%22:-1},{%22value%22:%22NE%22,%22checked%22:0,%22dragID%22:0}%93&#8243; radio_options=&#8221;%91{%22value%22:%22DA%22,%22checked%22:0,%22dragID%22:-1},{%22value%22:%22NE%22,%22checked%22:0,%22dragID%22:0}%93&#8243; field_title=&#8221;Gra\u0111evinska dozvola&#8221; field_id=&#8221;Gra\u0111evinska-dozvola&#8221; tab_label=&#8221;Gra\u0111evinska dozvola&#8221; _builder_version=&#8221;4.24.0&#8243; _module_preset=&#8221;default&#8221; background_color=&#8221;rgba(255,255,255,0.4)&#8221; background_enable_color=&#8221;on&#8221; global_colors_info=&#8221;{}&#8221;][\/et_pb_kkcompform_field][et_pb_kkcompform_field field_type=&#8221;radio&#8221; radio_group=&#8221;%91{%22value%22:%22   1%22,%22checked%22:0,%22dragID%22:-1},{%22value%22:%22   2%22,%22checked%22:0,%22dragID%22:0},{%22value%22:%22   Vi\u0161e%22,%22checked%22:0,%22dragID%22:1}%93&#8243; radio_options=&#8221;%91{%22value%22:%22   1%22,%22checked%22:0,%22dragID%22:-1},{%22value%22:%22   2%22,%22checked%22:0,%22dragID%22:0},{%22value%22:%22   Vi\u0161e%22,%22checked%22:0,%22dragID%22:1}%93&#8243; field_title=&#8221;Broj vlasnika&#8221; field_id=&#8221;Uporabna_dozvola_2&#8243; tab_label=&#8221;Uporabna dozvola&#8221; _builder_version=&#8221;4.23.4&#8243; _module_preset=&#8221;default&#8221; background_color=&#8221;rgba(255,255,255,0.4)&#8221; background_enable_color=&#8221;on&#8221; global_colors_info=&#8221;{}&#8221;][\/et_pb_kkcompform_field][et_pb_kkcompform_field field_type=&#8221;radio&#8221; radio_group=&#8221;%91{%22value%22:%22Monofazno%22,%22checked%22:0,%22dragID%22:-1},{%22value%22:%22Trofazno%22,%22checked%22:0,%22dragID%22:0}%93&#8243; radio_options=&#8221;%91{%22value%22:%22Monofazno%22,%22checked%22:0,%22dragID%22:-1},{%22value%22:%22Trofazno%22,%22checked%22:0,%22dragID%22:0}%93&#8243; field_title=&#8221;Faznost strujnog priklju\u010dka&#8221; field_id=&#8221;Faznost-strujnog-priklju\u010dka&#8221; tab_label=&#8221;Faznost strujnog priklju\u010dka&#8221; _builder_version=&#8221;4.24.0&#8243; _module_preset=&#8221;default&#8221; background_color=&#8221;rgba(255,255,255,0.4)&#8221; background_enable_color=&#8221;on&#8221; global_colors_info=&#8221;{}&#8221;][\/et_pb_kkcompform_field][et_pb_kkcompform_field field_type=&#8221;text&#8221; field_title=&#8221;Snaga strujnog priklju\u010dka (u kW)&#8221; field_id=&#8221;Snaga-strujnog-priklju\u010dka-(u-kW)&#8221; tab_label=&#8221;Snaga strujnog priklju\u010dka (u kW)&#8221; _builder_version=&#8221;4.24.0&#8243; _module_preset=&#8221;default&#8221; background_color=&#8221;rgba(255,255,255,0.4)&#8221; background_enable_color=&#8221;on&#8221; global_colors_info=&#8221;{}&#8221;][\/et_pb_kkcompform_field][et_pb_kkcompform_field field_type=&#8221;text&#8221; field_title=&#8221;Godi\u0161nja potro\u0161nja el. energije (u kWh)&#8221; field_id=&#8221;Godi\u0161nja-potro\u0161nja-el.-energije-(u-kWh)&#8221; tab_label=&#8221;Godi\u0161nja potro\u0161nja el. energije (u kWh)&#8221; _builder_version=&#8221;4.24.0&#8243; _module_preset=&#8221;default&#8221; background_color=&#8221;rgba(255,255,255,0.4)&#8221; background_enable_color=&#8221;on&#8221; global_colors_info=&#8221;{}&#8221;][\/et_pb_kkcompform_field][et_pb_kkcompform_field field_type=&#8221;text&#8221; field_title=&#8221;DODATNE INFORMACIJE&#8221; field_id=&#8221;Dodatne-informacije&#8221; tab_label=&#8221;Dodatne informacije&#8221; _builder_version=&#8221;4.24.0&#8243; _module_preset=&#8221;default&#8221; background_color=&#8221;rgba(255,255,255,0.4)&#8221; background_enable_color=&#8221;on&#8221; global_colors_info=&#8221;{}&#8221;][\/et_pb_kkcompform_field][et_pb_kkcompform_field form_html=&#8221;note&#8221; field_id=&#8221;Field_15&#8243; _builder_version=&#8221;4.23.4&#8243; _module_preset=&#8221;default&#8221; global_colors_info=&#8221;{}&#8221;]<\/p>\n<p><strong>Odabirom ovog okvira pristajete na primanje poruke od nas. Javit \u0107emo se u kratkom roku kako bismo vam predstavili prilago\u0111enu ponudu koja je u skladu s Va\u0161im potrebama.<\/strong><\/p>\n<p>[\/et_pb_kkcompform_field][et_pb_kkcompform_field field_type=&#8221;accept&#8221; field_title=&#8221;Sla\u017eem se&#8221; field_id=&#8221;acceptance&#8221; tab_label=&#8221;acceptance checkbox&#8221; half_col=&#8221;on&#8221; required=&#8221;on&#8221; reqd_txt=&#8221;(*)&#8221; _builder_version=&#8221;4.23.4&#8243; _module_preset=&#8221;default&#8221; background_color=&#8221;RGBA(255,255,255,0)&#8221; background_enable_color=&#8221;on&#8221; global_colors_info=&#8221;{}&#8221;][\/et_pb_kkcompform_field][\/et_pb_kkcomplex_form][\/et_pb_column][\/et_pb_row][\/et_pb_section]<\/p>\n","protected":false},"excerpt":{"rendered":"<p>KRENI SOLARNO!Ispunite upitnik kako biste dobili ponudu za izgradnju solarnog sustava na Va\u0161em domu ili poslovnom prostoru. Va\u0161i odgovori omogu\u0107it\u00a0 \u0107e nam da provedemo temeljitu analizu financijske u\u0161tede, nude\u0107i Vam detaljne\u00a0 \u00a0 uvide i preporuke prilago\u0111ene Va\u0161im potrebama te karakteristikama Va\u0161eg posjedaOdabirom ovog okvira pristajete na primanje poruke od nas. Javit \u0107emo se u kratkom [&hellip;]<\/p>\n","protected":false},"author":1,"featured_media":0,"parent":0,"menu_order":0,"comment_status":"closed","ping_status":"closed","template":"","meta":{"_et_pb_use_builder":"on","_et_pb_old_content":"","_et_gb_content_width":"","footnotes":""},"class_list":["post-152","page","type-page","status-publish","hentry"],"_links":{"self":[{"href":"https:\/\/luxovolt.com\/index.php\/wp-json\/wp\/v2\/pages\/152","targetHints":{"allow":["GET"]}}],"collection":[{"href":"https:\/\/luxovolt.com\/index.php\/wp-json\/wp\/v2\/pages"}],"about":[{"href":"https:\/\/luxovolt.com\/index.php\/wp-json\/wp\/v2\/types\/page"}],"author":[{"embeddable":true,"href":"https:\/\/luxovolt.com\/index.php\/wp-json\/wp\/v2\/users\/1"}],"replies":[{"embeddable":true,"href":"https:\/\/luxovolt.com\/index.php\/wp-json\/wp\/v2\/comments?post=152"}],"version-history":[{"count":23,"href":"https:\/\/luxovolt.com\/index.php\/wp-json\/wp\/v2\/pages\/152\/revisions"}],"predecessor-version":[{"id":341,"href":"https:\/\/luxovolt.com\/index.php\/wp-json\/wp\/v2\/pages\/152\/revisions\/341"}],"wp:attachment":[{"href":"https:\/\/luxovolt.com\/index.php\/wp-json\/wp\/v2\/media?parent=152"}],"curies":[{"name":"wp","href":"https:\/\/api.w.org\/{rel}","templated":true}]}}