{"id":27,"date":"2024-01-11T18:20:35","date_gmt":"2024-01-11T17:20:35","guid":{"rendered":"https:\/\/luxovolt.com\/?page_id=27"},"modified":"2024-01-25T09:35:44","modified_gmt":"2024-01-25T08:35:44","slug":"koristite-energiju-sunca","status":"publish","type":"page","link":"https:\/\/luxovolt.com\/","title":{"rendered":"NASLOVNICA"},"content":{"rendered":"<p>[et_pb_section fb_built=&#8221;1&#8243; fullwidth=&#8221;on&#8221; _builder_version=&#8221;4.23.1&#8243; _module_preset=&#8221;default&#8221; background_image=&#8221;https:\/\/luxovolt.com\/wp-content\/uploads\/2024\/01\/Naslovnica-slika-1-op.jpg&#8221; global_colors_info=&#8221;{}&#8221;][et_pb_fullwidth_header title=&#8221;KORISTITE ENERGIJU SUNCA&#8221; text_orientation=&#8221;center&#8221; button_one_text=&#8221;Saznajte vi\u0161e&#8221; button_one_url=&#8221;https:\/\/luxovolt.com\/index.php\/kreni-solarno\/&#8221; _builder_version=&#8221;4.23.4&#8243; _module_preset=&#8221;default&#8221; title_font=&#8221;Alumni Sans|700|||||||&#8221; title_font_size=&#8221;90px&#8221; content_font=&#8221;Alumni Sans|600|||||||&#8221; content_font_size=&#8221;41px&#8221; content_letter_spacing=&#8221;2px&#8221; content_line_height=&#8221;1.8em&#8221; background_enable_color=&#8221;off&#8221; custom_button_one=&#8221;on&#8221; button_one_text_size=&#8221;30px&#8221; button_one_border_radius=&#8221;13px&#8221; button_one_letter_spacing=&#8221;6px&#8221; button_one_font=&#8221;Alumni Sans|700|||||||&#8221; button_one_icon=&#8221;&#x24;||divi||400&#8243; button_one_icon_color=&#8221;#ffe100&#8243; min_height=&#8221;775.8px&#8221; custom_padding=&#8221;11px|||||&#8221; hover_enabled=&#8221;0&#8243; content_line_height_tablet=&#8221;1.8em&#8221; content_line_height_phone=&#8221;1.1em&#8221; content_line_height_last_edited=&#8221;on|phone&#8221; title_text_shadow_style=&#8221;preset1&#8243; content_text_shadow_style=&#8221;preset1&#8243; content_text_shadow_horizontal_length=&#8221;0.01em&#8221; content_text_shadow_blur_strength=&#8221;0.08em&#8221; content_text_shadow_color=&#8221;rgba(0,0,0,0.67)&#8221; global_colors_info=&#8221;{}&#8221; title_font_size_last_edited=&#8221;on|desktop&#8221; sticky_enabled=&#8221;0&#8243; title_font_size_phone=&#8221;71px&#8221; subhead_text_color_last_edited=&#8221;on|phone&#8221; title_font_size_tablet=&#8221;90px&#8221;]<\/p>\n<p style=\"text-align: center;\">Va\u0161a solarna elektrana put je ka energetskoj neovisnosti, manjim ra\u010dunima i odr\u017eivoj budu\u0107nosti<\/p>\n<p>[\/et_pb_fullwidth_header][\/et_pb_section]<\/p>\n","protected":false},"excerpt":{"rendered":"<p>Va\u0161a solarna elektrana put je ka energetskoj neovisnosti, manjim ra\u010dunima i odr\u017eivoj budu\u0107nosti<\/p>\n","protected":false},"author":1,"featured_media":0,"parent":0,"menu_order":0,"comment_status":"closed","ping_status":"closed","template":"","meta":{"_et_pb_use_builder":"on","_et_pb_old_content":"","_et_gb_content_width":"","footnotes":""},"class_list":["post-27","page","type-page","status-publish","hentry"],"_links":{"self":[{"href":"https:\/\/luxovolt.com\/index.php\/wp-json\/wp\/v2\/pages\/27","targetHints":{"allow":["GET"]}}],"collection":[{"href":"https:\/\/luxovolt.com\/index.php\/wp-json\/wp\/v2\/pages"}],"about":[{"href":"https:\/\/luxovolt.com\/index.php\/wp-json\/wp\/v2\/types\/page"}],"author":[{"embeddable":true,"href":"https:\/\/luxovolt.com\/index.php\/wp-json\/wp\/v2\/users\/1"}],"replies":[{"embeddable":true,"href":"https:\/\/luxovolt.com\/index.php\/wp-json\/wp\/v2\/comments?post=27"}],"version-history":[{"count":16,"href":"https:\/\/luxovolt.com\/index.php\/wp-json\/wp\/v2\/pages\/27\/revisions"}],"predecessor-version":[{"id":246,"href":"https:\/\/luxovolt.com\/index.php\/wp-json\/wp\/v2\/pages\/27\/revisions\/246"}],"wp:attachment":[{"href":"https:\/\/luxovolt.com\/index.php\/wp-json\/wp\/v2\/media?parent=27"}],"curies":[{"name":"wp","href":"https:\/\/api.w.org\/{rel}","templated":true}]}}